c) - 6*v(c). Let o be n(-20). Let h(u) = u + 2. Calculate h(o).
8
Suppose 3*u = -4*a + 7*u - 28, -4*a = -3*u + 24. Let i(c) = -1133*c - 1134*c - 1135*c + 3401*c. Calculate i(a).
3
Let y(a) = -a**2 + 14*a - 21. Suppose 7*n - 65 = 2*n - 5*o, -75 = -5*n + 5*o. Let z be y(n). Let g = -23 - z. Let p(j) = -j**3 + j - 1. Give p(g).
5
Suppose -415*t + 517 = -1143. Suppose -2*c + 2*g = -10, 4*c - 2 = -2*g - 0. Let z(k) = 1 + 3*k - 3*k**2 + 2*k**c + 0. Give z(t).
-3
Let y(i) be the second derivative of -i**5/20 - i**4/3 + i**3/2 + 6*i**2 + 186*i - 12. Give y(-4).
0
Let g be (-2 - (-11)/4)*12. Let t(w) be the second derivative of w**4/12 - w**3 - 5*w**2/2 - 2*w - 3443. What is t(g)?
22
Let o(q) = -6*q**2 + 7*q - 6 + 2 - 4*q**3 + 6*q**3 - 1 + 0*q**3. Calculate o(3).
16
Let q be (2/(-4))/(7/(-546)). Let i = q + -27. Let z(c) = -c + 3*c - 4*c + i + c. Determine z(6).
6
Suppose -5*x - 5 = -3*k, -3*k + 5*k = 2*x + 2. Let g(c) be the second derivative of 18*c - 1/20*c**5 + k + 1/4*c**4 + c**2 - 2/3*c**3. Determine g(2).
-2
Let i(z) = -38*z**2 + 36*z + 4. Let o(k) = 52*k**2 - 35*k - 5. Let n(d) = -4*i(d) - 3*o(d). Give n(-9).
26
Let k(o) = 6. Let c be (8/12)/((-4)/(-67 + -5)). Let w(q) = 2*q - 25. Let d(n) = c*k(n) + 3*w(n). Suppose -3*b = -6 - 0. Determine d(b).
9
Suppose 12 = 2*y - 30. Let t = -15 + y. Let q(r) = 22*r + 5. Let z(b) = -6*b. Let f(n) = -q(n) - 4*z(n). Give f(t).
7
Let l = -35076 + 35076. Let x(i) be the first derivative of 2*i**4 - 30 + 0*i + 1/3*i**3 + l*i**2. Determine x(-1).
-7
Let t(v) = -4*v**2 + v. Let x(n) = 12*n - 2. Let d be x(5). Let u be 5/(-10) + d/4. Suppose u*z - 14 = 7*z. Give t(z).
-14
Let y = 229 - 127. Let v = 104 - y. Let l(t) = -2*t**2 + 4*t**2 + 4*t - 3 - 2*t**2 - t**v. Calculate l(4).
-3
Let b be (-14 + 5 + -2)*1. Let i = b + 13. Suppose 4 = -i*a, j + 0*j - 10 = 5*a. Let s(k) = -k**3 + k**2 + 1. Determine s(j).
1
Let j(k) be the second derivative of k**3/6 - 3*k**2/2 + 71*k - 160. Suppose 0 = 4*v - 2*v - 2. Let f = v + 8. What is j(f)?
6
Let d(n) = -n**2 + 14*n. Let h(q) = 3*q**2 - 15*q - 6. Let x(s) = 2*d(s) + h(s). What is x(-12)?
-18
Let l(c) = 0 + 7*c - 33 + 21. Give l(-5).
-47
Let z(g) = g - 10. Let s be ((-476)/10)/(10/(-25)). Suppose s = 4*t + 3*t. Suppose -5*r + w = -2*r - t, -5*w + 20 = 0. Give z(r).
-3
Let t be 5 + (1 - 6 - -2). Suppose t*v + 5*p = 3*p, 4*v - p = -20. Let j(h) = -h**3 - 4*h**2 - 1. Calculate j(v).
-1
Let f(p) = 51 - 3*p + 4*p - 52. Let u = 106 - 90. Let g(r) = -2*r**2 + 31*r + 21. Let n be g(u). Give f(n).
4
Suppose 2*h - 3*i + 12 = 0, 2*i + 92 = -h + 107. Let m(k) be the first derivative of -k**2 - 3/4*k**4 + 2*k - k**h - 20. Determine m(-2).
18
Let a(p) be the third derivative of -p**5/30 + p**4/4 - 3*p**3/2 + 2*p**2 - 121*p. Give a(4).
-17
Suppose -60*p + 71 = -253 - 216. Let d(o) = -2*o**2 + 20*o - 26. Determine d(p).
-8
Let l = -3140 + 3138. Let b(c) = 4*c**3 + c**2 - 2*c - 2. What is b(l)?
-26
Let b(s) be the first derivative of -s**3/3 + 25*s**2/2 + 64*s + 11117. Give b(27).
10
Let t(m) = m + 28. Let z be -14*(0 + 1) - ((-486)/(-18) - 20). Calculate t(z).
7
Let q be 2 + (4/(-2) - 100). Let v be (q/10)/(-1 + 3). Let h(r) = 2*r + 2*r - 7*r - r + 5*r - 3. Calculate h(v).
-8
Let p(j) be the third derivative of j**6/120 + j**5/20 + j**4/6 - 4*j**3/3 + 2*j**2 - 7*j - 249. What is p(-4)?
-40
Let m(s) = -11*s**3 - 13*s**2 - 4*s - 14. Let y(i) = -14*i**3 + 14*i**2 + 14 + 15*i**3 + 4*i**3 + 2 + 5*i + 8*i**3. Let a(r) = 7*m(r) + 6*y(r). Give a(7).
12
Let i(b) = b**2 + 3*b + 55. Let a be i(-7). Suppose -7*o = -27 + a. Let u(k) = -2*k - 12. Calculate u(o).
4
Suppose 3*k + 214 = -4*p, -5*p = k - 4*k - 259. Let n = -67 - k. Suppose 29 = 9*i + n. Let r(y) = 3*y**2 - 2*y - 2. Give r(i).
6
Let g(h) = -h**3 + 23*h**2 + 4*h - 9. Let s(m) = m**3 - 10*m**2 - m + 1. Let a(l) = -g(l) - 2*s(l). Give a(-5).
67
Let a be (-8)/28*((-7)/1)/(-1). Let f(y) be the first derivative of y**3/3 - y**2/2 - y - 9. Give f(a).
5
Let b(k) be the second derivative of k**5/20 - 7*k**4/12 - k**3/2 + 9*k**2/2 + 8663*k. Let f be 4/(-2) - (-1 - 8). Suppose 2*q + 35 = f*q. Give b(q).
-12
Let u(d) = d**3 - 5*d**2. Let m(n) = n. Let v(h) = 2*m(h) + u(h). Let f = -33 + 37. Suppose -2*z + 1 = g, g = f*z - 4*g - 37. Calculate v(z).
-12
Suppose -9396*d = -9434*d - 104 - 200. Let o(p) = -2*p - 28. Determine o(d).
-12
Let w(d) = -68 - 65 + 7*d + 2*d**2 + 2*d**3 - 3*d**3 + 191 - 69. Calculate w(3).
1
Let a(q) be the first derivative of -q**5/20 + 5*q**4/12 + q**3/3 + 9*q**2 + 222*q - 87. Let b(v) be the first derivative of a(v). Determine b(6).
-6
Suppose -240*y = -211*y + 435. Let s(x) = -x**3 - 17*x**2 - 29*x - 1. What is s(y)?
-16
Let u(b) be the second derivative of -b - 5/6*b**3 + 0 + 1/20*b**5 + b**2 - 1/3*b**4. Suppose 20 = 3*h + 5. Calculate u(h).
2
Suppose 5*v + 18 = -17 - 35, -5*g - 4*v = 101. Let a(x) be the third derivative of x**4/6 + 31*x**3/6 - x**2. Determine a(g).
-5
Let n(d) = 2*d - 9. Let z(l) = -l**3 - l**2 + 19*l - 34. Suppose -291 + 287 = -2*k. Let i be z(k). Give n(i).
-25
Suppose -2*w = h - 35, -30*w + 5*h = -35*w + 80. Let b(g) = g**3 - 17*g**2 - 39*g + 30. Calculate b(w).
11
Suppose 2*a + 2*i = 21 - 33, 4*a + 21 = -i. Let r(b) = -11*b - 26. Give r(a).
29
Let y(s) = 7*s**3 - 8*s**2 - s - 3. Let z(k) = -2 - 4*k**2 + 12 + 3*k**3 - 11. Let f(m) = -2*y(m) + 5*z(m). What is f(2)?
-3
Let i be ((-2240)/(-20) - 8)*3/24. Let x(s) = 2*s**2 - 30*s + 47. Give x(i).
-5
Let f(y) be the second derivative of -y**5/20 + y**4/2 + y**3/2 - 5*y**2/2 - 38147*y. Suppose 3*q + 30 = 3*w, -7*q + 3*q = 20. Determine f(w).
35
Suppose 0 = 8*c + 69 + 547. Let z be (-11)/c + 7/(147/144). Let u(m) = -m + 15. Determine u(z).
8
Let j(x) = -x**3 - 3*x**2 - 2*x - 1. Let i be 78/4 + (-6)/(-12). Let a = i + -21. What is j(a)?
-1
Let y(w) = -w**3 - 7*w**2 + 4*w + 13. Let k be (4/6 - 1)/(21 - 15834/756). What is y(k)?
-47
Let z = 10790 + -10788. Let k(b) = -5*b - 8. Let y(t) = -5*t - 9. Let c(o) = 7*k(o) - 6*y(o). Determine c(z).
-12
Let b(t) = 81 - t - 81. Let s = -33 + 43. Let x(l) = -3*l. Let u(m) = s*b(m) - 5*x(m). Calculate u(1).
5
Let k(p) = -59*p**2 + 45*p - 88. Let a(c) = -14*c**2 + 2*c - 1. Let s(v) = 4*a(v) - k(v). What is s(8)?
-20
Let o(h) = -3*h + 5. Let p(a) = 6*a + 69. Let u(t) = t - 1. Let q(c) = p(c) + 2*u(c). Let b be q(-8). Give o(b).
-4
Let q(t) = -5*t**2 - 2*t. Let g be (-132)/(-78) + (-88)/(-286). Give q(g).
-24
Let n(y) = 109*y + 222. Let o be n(-2). Let q(r) be the second derivative of 1/12*r**o + 23*r + 0 + 3/2*r**2 - 4/3*r**3. Give q(8).
3
Let f(n) = -78*n + 161. Let b(u) = 264*u - 482. Let p(m) = 2*b(m) + 7*f(m). Calculate p(9).
1
Let v(d) = -833*d + 24 + 1649*d - 813*d. Determine v(-11).
-9
Let q(b) be the first derivative of -7*b**2/2 - 4*b - 730. Give q(-3).
17
Suppose 2*l - 34 = 4*x, 52 = 3*l - 2*x - 3*x. Suppose -l - 114 = 19*q. Let i(d) = d**3 + 6*d**2 - 6*d - 3. Give i(q).
-10
Let h(i) be the second derivative of 115*i**4/12 + i**3/3 - i**2 - 3*i - 816. What is h(1)?
115
Let f be -4 + (-44)/5 - (-12)/15. Let j be f/(-90)*-18 + (-3)/5. Let q(r) = r + 4. Give q(j).
1
Let z(b) = -2*b**3 - 19*b**2 + 26*b + 1. Let x(w) = -w**3 - 9*w**2 + 13*w. Let u(v) = -5*x(v) + 3*z(v). Let h be u(-13). Let a(t) = t**3 + t + 4. Give a(h).
34
Suppose b + 1 = 5*t - 26, -4*t + b = -21. Let x(s) = s**2 + 5*s - 4. Let o be x(-6). Let f(a) = 2 - 5 + 5 - o*a + 3*a. What is f(t)?
8
Suppose -2*b - 3*i = -21, 5*b + 4*i - 24 = 18. Suppose 0 = b*f + 2*f + 40. Let q(j) be the first derivative of j**2/2 + 10*j + 40. Give q(f).
5
Let u(k) = -148*k**2 + 74*k**2 + 75*k**2 + 8*k. Suppose -13 = 7*d + 43. What is u(d)?
0
Let x(z) = 47*z**2 - 4*z + 3. Suppose -20 = 5*s, 7*f = 10*f + 3*s + 9. What is x(f)?
46
Let j(x) = 10*x - 70. Let v(b) = 3*b - 21. Let n(m) = -2*j(m) + 7*v(m). Give n(-2).
-9
Suppose 5*g + 12 = 9*g. Suppose -g*o + 16 = o - 2*m, -o + 5*m = -13. Let w(h) = -9 + 2*h + 0 - 2 + o. Calculate w(8).
8
Let t(l) be the third derivative of -l**5/30 - l**4/4 + 7*l**3/2 - 4*l**2 + 538*l. Determine t(-5).
1
Let g(w) = -39*w**2 - 8*w + 8. Let q(f) = 10*f**2 + 1. Let x(u) = g(u) + 4*q(u). Determine x(7).
5
Let g(q) = -q - 4. Let d(l) be the third derivative of l**6/120 - 2*l**5/15 + l**4/4 + 7*l**3/6 + 8*l**2. Let y be d(7). Suppose -s - 5 + 0 = y. Determine g